- 93*v + 5867. Determine r(-91).
-2232
Let y(t) = -822*t - 135636. Determine y(-165).
-6
Let o(w) = -74*w**2 + 1462*w - 1073. Calculate o(19).
-9
Let r(f) = -9*f**2 - 45*f + 170. What is r(4)?
-154
Let z(o) = -o**2 - 215*o - 9476. What is z(-64)?
188
Let w(x) = -x**3 - 50*x**2 - x + 206. Give w(-50).
256
Let j(i) = 2*i**2 - 132*i - 1142. Calculate j(68).
-870
Let z(k) = k**3 + 60*k**2 + 19*k + 1111. What is z(-60)?
-29
Let u(r) = -r**2 + 96*r - 1965. What is u(29)?
-22
Let y(f) = -21*f**2 - 182*f + 1854. Give y(6).
6
Let d(n) = n**3 + 11*n**2 - 79*n + 143. Determine d(2).
37
Let c(p) = -24*p**2 - 71*p - 59. Determine c(-2).
-13
Let h(u) = -u**2 - 7*u + 22843. What is h(145)?
803
Let l(y) = y**3 - 6*y**2 - 139*y + 112. Calculate l(15).
52
Let j(o) = 3406*o + 95384. Calculate j(-28).
16
Let m(k) = -k**3 - 15*k**2 + 76*k - 30. What is m(4)?
-30
Let i(c) = -c**2 + 1635*c + 1226432. What is i(-559)?
-14
Let x(f) = -f**3 + 31*f**2 - 179*f - 76. Calculate x(23).
39
Let o(f) = 473*f + 19839. Determine o(-40).
919
Let l(f) = -358*f**2 - 4286*f + 65. Determine l(-12).
-55
Let p(w) = 6220*w - 18258. What is p(3)?
402
Let z(p) = -17*p**2 - 11444*p - 24769. What is z(-671)?
58
Let k(p) = -40*p**2 - 8170*p - 26128. Determine k(-201).
2
Let b(q) = q**3 + 12*q**2 - 4*q + 34. Determine b(-5).
229
Let t(a) = 2*a**3 - 48*a**2 - 156*a + 48. Determine t(27).
210
Let c(p) = 11*p**3 + 176*p**2 - 23*p - 370. Give c(-16).
-2
Let v(c) = 99*c**2 + 9616*c + 1253. Give v(-97).
-8
Let i(p) = 34*p**2 + 584*p - 400. Determine i(-20).
1520
Let v(k) = -2*k**2 - 266*k - 2024. Calculate v(-125).
-24
Let y(d) = 4689*d + 32784. What is y(-7)?
-39
Let p(v) = -2*v**2 + 274*v - 4249. Calculate p(119).
35
Let k(a) = -510*a**2 - 44610*a - 20886. Determine k(-87).
-6
Let o(q) = 35*q**2 + 7480*q - 1713. Calculate o(-214).
427
Let d(l) = 58*l**2 + 823*l - 11. Give d(-12).
-1535
Let r(l) = -l**3 - 13*l**2 - 183*l + 1416. Give r(7).
-845
Let p(l) = 347*l - 83289. Give p(233).
-2438
Let s(q) = -q**3 + 76*q**2 + 22270*q + 322. Give s(192).
-62
Let d(y) = -150*y**2 - 6167*y + 19076. Give d(-44).
24
Let c(y) = -30*y**3 - y**2 - 60*y - 59. What is c(-1)?
30
Let i(v) = -v**3 + 97*v**2 + 1641*v - 2629. Determine i(-16).
43
Let v(w) = 551*w - 50540. Determine v(91).
-399
Let a(v) = 84*v**2 + 6387*v + 67. Determine a(-76).
-161
Let r(s) = -2328*s**2 - 2307046*s + 1983. What is r(-991)?
1
Let a(c) = -50*c**2 - 34*c + 2925. Give a(-8).
-3
Let y(i) = 2*i**3 + 507*i**2 - 11523*i - 123. Give y(21).
3
Let n(h) = -45487*h + 409421. What is n(9)?
38
Let m(o) = 93*o**2 + 52480*o + 15786. Calculate m(-564).
-6
Let w(d) = -2*d**2 - 1700*d - 18572. What is w(-11)?
-114
Let s(r) = -r**3 - 30*r**2 - 213*r + 54. What is s(-14)?
-100
Let x(k) = -21123*k - 316836. Determine x(-15).
9
Let f(n) = -66*n**2 - 714*n - 532. What is f(-10)?
8
Let l(j) = 13902*j - 180727. Determine l(13).
-1
Let j(d) = -2806*d - 168363. Give j(-60).
-3
Let a(o) = 74*o - 2702. Calculate a(46).
702
Let r(d) = 1901*d - 26621. Determine r(14).
-7
Let o(g) = -62*g**2 + 70817*g - 70819. Calculate o(1).
-64
Let s(u) = -u**3 + 26*u**2 + 89*u - 460. Determine s(28).
464
Let b(k) = 4660*k + 610474. Give b(-131).
14
Let n(j) = 295*j + 6063. Calculate n(-20).
163
Let h(i) = -4593*i**2 - 41633*i - 2662. Determine h(-9).
2
Let d(f) = 59*f + 844. Give d(-16).
-100
Let i(z) = 7*z**2 + 4098*z - 8171. Give i(2).
53
Let x(l) = -l**2 - 3*l + 3480. Give x(55).
290
Let n(g) = 8273*g + 446712. What is n(-54)?
-30
Let j(r) = -25*r - 895. What is j(-29)?
-170
Let p(t) = 1705*t + 10264. Calculate p(-6).
34
Let d(p) = -2754*p - 380073. Determine d(-138).
-21
Let v(n) = -n**3 + 118*n**2 - 142*n + 2685. Determine v(117).
-240
Let j(i) = 19969*i + 239733. Determine j(-12).
105
Let m(o) = 53*o**3 - 2226*o**2 + o + 26. What is m(42)?
68
Let y(n) = 6040*n - 132537. Determine y(22).
343
Let u(c) = -22*c**3 + 376*c**2 - 689*c + 24. Determine u(15).
39
Let l(d) = -40*d - 639. Determine l(-34).
721
Let x(m) = 1254*m + 35055. Give x(-28).
-57
Let q(x) = 423*x + 2904. What is q(-8)?
-480
Let j(u) = 900147*u - 8101317. Calculate j(9).
6
Let a(l) = -7*l**2 - 706*l + 5587. Determine a(8).
-509
Let u(v) = -5*v**2 - 770*v - 3746. Give u(-150).
-746
Let f(z) = -11*z**2 + 4609*z + 56903. What is f(-12)?
11
Let z(i) = 97*i**2 + 2370*i + 375. Determine z(-25).
1750
Let m(k) = -163*k - 2299. Give m(-14).
-17
Let c(k) = -k**3 - 56*k**2 + 563*k - 856. Calculate c(7).
-2
Let x(p) = -5918*p - 88769. Determine x(-15).
1
Let c(j) = -2169*j - 10807. Determine c(-5).
38
Let q(z) = -z**2 - 2014*z - 521240. Calculate q(-305).
5
Let v(f) = -f**3 + 27*f**2 - 127*f - 195. What is v(23)?
-1000
Let o(z) = 3*z**3 + 123*z**2 - 93*z + 109. Give o(-42).
-1277
Let d(f) = f**2 + 61*f - 5701. Give d(-102).
-1519
Let o(m) = 63924*m - 255730. Determine o(4).
-34
Let s(i) = 4*i**3 + 857*i**2 + 195*i - 4095. Calculate s(-214).
-29
Let z(l) = -4*l**2 + 19*l - 53. Determine z(17).
-886
Let k(j) = -j**2 - 852*j - 133077. Calculate k(-206).
-1
Let j(n) = n**3 - 706*n**2 + 109967*n + 470. What is j(474)?
-4
Let a(n) = -n**3 + 23*n**2 + 23*n + 44. Calculate a(12).
1904
Let w(k) = -84*k**2 + 678*k - 1523. Give w(4).
-155
Let t(q) = 572440*q - 4007090. Give t(7).
-10
Let p(r) = 295*r**2 + 2995*r - 2994. Calculate p(1).
296
Let w(r) = 602*r + 132021. Calculate w(-219).
183
Let w(z) = z**3 + 41*z**2 + 285*z + 1504. Determine w(-34).
-94
Let z(o) = -238*o - 26797. Calculate z(-112).
-141
Let w(j) = 191*j**3 - 7*j - 16. Calculate w(-2).
-1530
Let l(v) = 58*v**2 + 347*v - 116. What is l(-7)?
297
Let f(y) = -y**2 - 170530*y - 1364223. Calculate f(-8).
-47
Let r(x) = 387*x - 2347. Determine r(5).
-412
Let y(d) = -8910*d - 62378. Determine y(-7).
-8
Let r(q) = q**2 - 104*q - 6754. Calculate r(151).
343
Let n(d) = -d**3 + 212*d**2 - 874*d + 163. Determine n(4).
-5
Let f(v) = v**3 + 180*v**2 + 177*v - 273. Determine f(-179).
85
Let n(o) = -16*o**2 - 697*o - 5723. What is n(-11)?
8
Let k(f) = 27*f**2 - 166*f - 701. Give k(-4).
395
Let d(t) = -1873*t - 247236. Give d(-132).
0
Let x(y) = -7*y**2 + 44*y - 1563. What is x(22)?
-3983
Let i(z) = -11*z**3 - 278*z**2 - 171*z - 2639. Give i(-25).
-239
Let q(f) = f**3 - 126*f**2 + 623*f - 2056. What is q(121)?
122
Let x(t) = -t**2 + 651*t + 66759. Calculate x(-90).
69
Let o(l) = l**2 - 264*l + 6603. Determine o(236).
-5
Let o(r) = r**3 + 17*r**2 - 60*r + 317. What is o(-21)?
-187
Let p(z) = 13352*z + 1602231. Determine p(-120).
-9
Let i(u) = -2790*u + 203527. Calculate i(73).
-143
Let u(m) = 1795*m - 25130. Give u(14).
0
Let q(v) = -200*v + 26682. Determine q(136).
-518
Let z(a) = -9528*a + 190554. Calculate z(20).
-6
Let g(h) = h**3 + 263*h**2 + 3247*h - 17. What is g(-13)?
22
Let i(c) = 2*c**2 - 259*c + 6479. Determine i(97).
174
Let g(s) = -2606*s - 638464. Give g(-245).
6
Let q(t) = -1255*t - 12391. What is q(-10)?
159
Let u(l) = 159*l - 5541. Determine u(38).
501
Let b(j) = j**3 - 10*j**2 + 154*j - 2005. What is b(12)?
131
Let f(o) = 390*o + 7448. Give f(-19).
38
Let s(g) = 2*g**3 + 269*g**2 + 8568*g - 632. Calculate s(-52).
-8
Let n(h) = -2*h**3 + 83*h**2 - 2223*h + 95144. Determine n(42).
14
Let v(w) = -2*w**3 - 77*w**2 + 35*w - 167. Give v(-39).
-11
Let r(p) = p**3 + 64*p**2 + 405*p + 696. Calculate r(-57).
354
Let c(t) = -6885*t**2 + 55059*t + 11. What is c(8)?
-157
Let s(d) = 3005*d + 5583263. Give s(-1858).
-27
Let c(h) = 10*h**3 - 193*h**2 + 297*h - 1137. Give c(18).
-3
Let z(a) = 3*a**3 - 2*a**2 - 1358*a - 4058. What is z(-3)?
-83
Let q(z) = 431*z - 27459. Calculate q(64).
125
Let l(a) = -2613*a**2 - 13027*a + 3. Determine l(-5).
-187
Let w(u) = 23*u**2 - 27*u - 229. What is w(-7)?
1087
Let w(p) = 26*p**3 - 394*p**2 + 55*p + 35. Determine w(15).
-40
Let g(f) = 3233*f + 17657. Determine g(-5).
1492
Let l(h) = -8778*h - 182035. Calculate l(-21).
2303
Let k(d) = 46671*d + 373355. What is k(-8)?
-13
Let j(d) = 2216*d - 29959. What is j(13)?
-1151
Let x(i) = 65*i - 46468. What is x(715)?
7
Let p(q) = 2*q**3 + 211*q**2 + 290*q + 19436. Determine p(-105).
11
Let f(q) = 758809*q - 6070485. What is f(8)?
-13
Let x(r) = 3*r**2 + 486*r + 1402. Calculate x(-159).
-29
Let d(n) = -15*n**2 - 1868*n + 208. Calculate d(-125).
-667
Let n(m) = -296*m**2 - 2598*m + 19. Calculate n(-9).
-575
Let